 Suppose m = -3*x + 16. Suppose -4*h - h + b = -439, -3*b = x*h - 443. List the prime factors of h.
2, 11
Suppose 295469 = 116*a - 155374 - 581905. List the prime factors of a.
29, 307
Let h = 134 + -177. Let a = 40 + h. List the prime factors of 545*(a + 34/10).
2, 109
Suppose 2*n = 5 - 3. Let l be (-10)/(-4)*(-4 + 2)*n. What are the prime factors of l/((-15)/2)*42?
2, 7
Suppose -14*z + 6*z = 0. Suppose z = 2*x + 2*x - 1104. Suppose -10*o + 13*o = x. List the prime factors of o.
2, 23
Suppose 0 = 5*x + 3*w - 1089, -3*x - 3*w - 207 = -4*x. Let n = 195 + x. What are the prime factors of n?
3, 137
Suppose -22*d = -19*d + 2*a - 2756, -5*a = 25. What are the prime factors of d?
2, 461
Let h(b) = 2*b + 3. Let l be (-868)/(-63) + 2/9. Let x be -7 + l + (3 - 4). What are the prime factors of h(x)?
3, 5
Let j(b) = 28*b**2 + 18*b - 14. Suppose -2*q + 28 = 3*f, -3*q + 1 = -f - 8. List the prime factors of j(f).
2, 19, 29
Suppose -n + s + 8 = 3*s, s - 2 = 0. Suppose -5*z + 2310 = -n*d, -4*z - d + 5*d = -1844. What are the prime factors of z?
2, 233
Suppose 0 = -10*p + 5*p + 25. Suppose -v - 2*b - 9 = -38, v = -p*b + 41. Suppose -18*u + v*u = 327. What are the prime factors of u?
109
Let f = 813 - 837. Let a = f + 832. What are the prime factors of a?
2, 101
Let c(a) = -175*a + 153. Let u be c(-12). Suppose 3 = -3*j, -j + u = 3*k - 1550. What are the prime factors of k?
2, 317
Let x = 6030 + 2692. List the prime factors of x.
2, 7, 89
What are the prime factors of 622806/126 + (-12)/(-126) + (-3 - -1)?
3, 61
Suppose 0 = 5*p + 25, -8 = -g - 0*p + p. What are the prime factors of 19*((-4)/g)/(20/(-510))?
2, 17, 19
Suppose 19*i - 14 = 12*i. Suppose 5*d + 799 = i*r - 574, 2*r + 3*d - 1381 = 0. List the prime factors of r.
13, 53
Let f(k) be the second derivative of k**4/4 - 13*k**3/6 - k**2 - 31*k. Let w be f(5). List the prime factors of 2*(-2 + 85 + (w - 8)).
2, 83
Let u(d) = 3*d + 5. Suppose 17*t = 15*t + 20. Let i be (((-35)/t)/(-7))/(2/8). List the prime factors of u(i).
11
Suppose -8186*u = -8187*u + 7680. What are the prime factors of u?
2, 3, 5
Suppose 5*y = 14*y - 36. Suppose -4*w = -4*t + 24 + 68, y*t - 107 = w. Suppose -a = -3*a + t. What are the prime factors of a?
2, 7
Suppose 29*c = 94*c - 168805. What are the prime factors of c?
7, 53
Let z = 66 - 62. Suppose 0 = t + 2, 9*u - 4*t - 38 = z*u. Suppose -h - 3*w = -u*w - 30, 0 = -h + 2*w + 26. List the prime factors of h.
2, 3
Let g = -2443 + 3060. What are the prime factors of g?
617
Let a(i) = -2*i**3 - 3*i**2 - 8*i - 9. Let t be 8*(7/2 + -4). Let u be a(t). Let c = -27 + u. What are the prime factors of c?
2, 19
Suppose 696170 = 32*s - 95071 - 409911. What are the prime factors of s?
2, 3, 17, 23
What are the prime factors of (70/3)/(274/115491)?
5, 7, 281
List the prime factors of 3522/21*116 - ((-78)/7 + 11).
3, 5, 1297
Suppose 107*v + 347430 - 495695 = 766585. List the prime factors of v.
2, 3, 5, 19
Let x = 139 - 134. Suppose -10 = x*o, 1102 = -0*s + 2*s + 4*o. What are the prime factors of s?
3, 5, 37
Suppose -2*j = w - 461, -5*j - 2*w = -4*w - 1130. Let l(t) = -t**2 - 108*t - 2023. Let r be l(-86). Let i = r + j. What are the prime factors of i?
97
Suppose -25439 = 16*p - 88295 - 28568. What are the prime factors of p?
2, 2857
Let h(z) = -22*z - 15. Let f(m) = -8*m**2 - 6*m - 3*m + 3*m**2 + 6 + 7*m**2. Let k be f(3). List the prime factors of h(k).
3, 17
Suppose 39*f = 167453 + 94699 + 53436. List the prime factors of f.
2, 7, 17
Let i(s) = s + 17. Let z(f) = f - 11. Let k be z(0). Let l be i(k). Suppose -4*u = -2*r - 138, -l*r + 2*r + 120 = 4*u. What are the prime factors of u?
3, 11
Suppose 159 + 2156 = z. Suppose 0 = 5*h + i - 6*i - z, 2*h = -5*i + 954. List the prime factors of h.
467
Suppose 2*l = 103 - 93. Suppose -3*o = 4*q - 6723, -l*q + o = -3*o - 8396. Suppose -h + 15*h = q. What are the prime factors of h?
2, 3, 5
Let v(m) = 3*m**3 - 55*m**2 + 691*m + 77. What are the prime factors of v(23)?
2, 3, 487
Let w = -98 + 107. Suppose -w*c + 14*c = 620. Let q = c - 104. What are the prime factors of q?
2, 5
Suppose 9 = 2*x - 3*i, 5*x - 2*i = -i + 3. Suppose 22*y + x*y - 1496 = 0. List the prime factors of y.
2, 17
Suppose 0 = 3496*h - 3519*h + 304244. List the prime factors of h.
2, 3307
List the prime factors of (22/((-1936)/608773))/((-2)/16).
55343
Suppose -5*v = -n + 2029, 4347 + 1716 = 3*n - 3*v. List the prime factors of n.
3, 673
Suppose 0 = -4*x - 9 + 21. Suppose x*s = 5*f - 145, 0 = -f - 2*f - 4*s + 116. Suppose 44 + f = 4*n. What are the prime factors of n?
19
Let g(c) = 198*c**2 - 60*c - 15. What are the prime factors of g(-5)?
3, 5, 349
Let i be (-23)/115 - 20568/(-15). Let l = i + -601. What are the prime factors of l?
2, 5, 7, 11
Suppose -6 = -4*d + 2. Let y(w) = 16 - 15*w**2 + 28*w**2 + 12*w - 14*w**d. List the prime factors of y(8).
2, 3
What are the prime factors of (-9764)/(-3) + ((-10)/18)/((-430)/258)?
3, 5, 7, 31
Suppose 0 = 642*n - 606*n - 1649592. List the prime factors of n.
2, 3, 7, 1091
Suppose 3*i = 9*i - 48. Suppose 0 = -p - 5 + i. Suppose 0 = c - p*o - 25, 5*c + 4*o + 0*o = 106. What are the prime factors of c?
2, 11
Let d = 551 - 377. Suppose 12 = 10*z - 6*z. Suppose -z*q = -51 - d. What are the prime factors of q?
3, 5
Let v = -434 - -697. Let m be 1*-4 + (6560/(-8))/5. Let p = v + m. What are the prime factors of p?
5, 19
Suppose -d = -2*m - m - 15, 16 = d - 4*m. Suppose 14*p = d*p - 530. Let i = -67 - p. What are the prime factors of i?
2, 3, 11
Let z(j) = 2*j**3 - 13*j**2 - 190*j - 60. List the prime factors of z(19).
3, 5, 7, 17
List the prime factors of 2*3 - (53/583 - (-59819)/(-11)).
2, 1361
Suppose -3*m = 7 - 4. Let i be 258*m*3/(-2). Suppose g = 4*f - 389, 0 = 5*f - f + g - i. What are the prime factors of f?
97
Let m be (8/6)/((-9142)/1524 + 6). Suppose 5*s - f = m, s + 6*f - 7*f - 204 = 0. What are the prime factors of s?
7, 29
Suppose -4*b + 7282 - 1718 = p, 0 = -3*p - 5*b + 16685. List the prime factors of p.
2, 5, 139
What are the prime factors of ((-2)/1 + 526/4)*(-153 - -191)?
7, 19, 37
Suppose 0 = -2*z + 5*j + 33609, 7*j + 67163 = 4*z + 8*j. Suppose -z - 17312 = -49*y. List the prime factors of y.
2, 3, 29
Suppose -6 = 4*u - 2*n + 4, -n = -5. Suppose 2*x = -4*b + 104, x - 3*x + 3*b + 132 = u. List the prime factors of x.
2, 3, 5
Suppose -33486 = 28*m - 232482. What are the prime factors of m?
3, 23, 103
Let v = 3699 + -2205. List the prime factors of v.
2, 3, 83
Let n be 1*11*((-455)/(-55) + -8). Suppose 474 = k + k. Suppose n*l - t - k = 0, -2*l - 4*t = -160 + 2. List the prime factors of l.
79
Let t be ((-15)/(-30))/((-2)/(-40)). Let o be t/15*45/6. Suppose 0 = o*b - 4*d - 412, 5*b + 4*d + 0*d - 428 = 0. List the prime factors of b.
2, 3, 7
Suppose 0 = -4*f + 2*f + 154. Let m = f + 11. What are the prime factors of m?
2, 11
Let o = -19535 + 32927. What are the prime factors of o?
2, 3, 31
Let z(f) = 5*f**2 - 3*f - 70. Let j(b) = -b**2. Let c be (2/((-4)/4))/(-1 - -3). Let v(g) = c*z(g) - 4*j(g). List the prime factors of v(0).
2, 5, 7
Suppose -38*j + 6538 = -31*j. Suppose -70*b + 68*b + j = 0. What are the prime factors of b?
467
What are the prime factors of -15 + (8 - -2 - -15029)?
2, 3, 313
Let h = 1411 + -921. Let z be 18/(-108)*12 + 0 + 8. Suppose -z*i + h = i. What are the prime factors of i?
2, 5, 7
Let g(c) = 7*c**2 - 4. Let q be g(6). Let j = 556 - q. Suppose f - 3*w = 206, f - w - j + 92 = 0. What are the prime factors of f?
13, 17
Let z = 22 - 18. List the prime factors of 7308/24*z/3 + 1.
11, 37
Let f(h) = h**3 - 26*h**2 + 38*h + 30. Suppose 3*j + c - 79 = 0, -c - 41 = -j - 5*c. List the prime factors of f(j).
5, 71
Suppose 5*k + 5*i = -15, 0*k - 3*k + 3*i = 15. Let g be 1/((4/(-5))/k). Suppose 112 + 318 = g*x. List the prime factors of x.
2, 43
Let l be 401 + -25 + (-6)/1. Let b = -73 + l. List the prime factors of b.
3, 11
Let g = 9411 - 3343. What are the prime factors of g?
2, 37, 41
Let n(p) = -19*p**3 + 12 + 7*p**3 - 15*p + 13*p**3 - 4*p**2. List the prime factors of n(10).
2, 3, 7, 11
Suppose -3*b - 65678 = -4*s, -s + 5*b + 7082 = -9363. What are the prime factors of s?
5, 7, 67
Suppose 2*y + 5 = -3*y. Let b = 6 - y. Suppose -1 - b = -2*m. List the prime factors of m.
2
Suppose -3*k = -5*w - 28, 4*w - 5 = 2*k - 2